{"id":527,"date":"2016-03-19T15:56:10","date_gmt":"2016-03-19T15:56:10","guid":{"rendered":"https:\/\/studio-prm.de\/?page_id=527"},"modified":"2025-01-27T19:00:31","modified_gmt":"2025-01-27T19:00:31","slug":"imprint","status":"publish","type":"page","link":"https:\/\/studio-prm.de\/?page_id=527","title":{"rendered":"Imprint"},"content":{"rendered":"<h1>Angaben zum Webseitebetreiber gem\u00e4\u00df \u00a7 5 TMG:<\/h1>\n<p>Paul-Ruben Mundthal<br \/>\nHugo-John-Str. 8<br \/>\n99086 Erfurt<\/p>\n<h2>Kontakt:<\/h2>\n<p>Telefon: +49-(0)-176 61552622\u202c<br \/>\nE-Mail:\u00a0paul \/AT\/ studio-prm.de<\/p>\n<h2>Verantwortlich f\u00fcr den Inhalt nach \u00a7 55 Abs. 2 RStV:<\/h2>\n<p>Paul-Ruben Mundthal<br \/>\nHugo-John-Str. 8<br \/>\n99086 Erfurt<\/p>\n<p>Quelle: <em>Impressumsgenerator, Rechtsanwalt f\u00fcr <a href=\"http:\/\/www.e-recht24.de\">Internetrecht<\/a> S\u00f6ren Siebert<\/em><\/p>\n<hr \/>\n<h2>Haftungsausschluss:<\/h2>\n<p><strong>Haftung f\u00fcr Inhalte<\/strong><\/p>\n<p>Die Inhalte unserer Seiten wurden mit gr\u00f6\u00dfter Sorgfalt erstellt. F\u00fcr die Richtigkeit, Vollst\u00e4ndigkeit und Aktualit\u00e4t der Inhalte k\u00f6nnen wir jedoch keine Gew\u00e4hr \u00fcbernehmen. Als Diensteanbieter sind wir gem\u00e4\u00df \u00a7 7 Abs.1 TMG f\u00fcr eigene Inhalte auf diesen Seiten nach den allgemeinen Gesetzen verantwortlich. Nach \u00a7\u00a7 8 bis 10 TMG sind wir als Diensteanbieter jedoch nicht verpflichtet, \u00fcbermittelte oder gespeicherte fremde Informationen zu \u00fcberwachen oder nach Umst\u00e4nden zu forschen, die auf eine rechtswidrige T\u00e4tigkeit hinweisen. Verpflichtungen zur Entfernung oder Sperrung der Nutzung von Informationen nach den allgemeinen Gesetzen bleiben hiervon unber\u00fchrt. Eine diesbez\u00fcgliche Haftung ist jedoch erst ab dem Zeitpunkt der Kenntnis einer konkreten Rechtsverletzung m\u00f6glich. Bei Bekanntwerden von entsprechenden Rechtsverletzungen werden wir diese Inhalte umgehend entfernen.<\/p>\n<p><strong>Haftung f\u00fcr Links<\/strong><\/p>\n<p>Unser Angebot enth\u00e4lt Links zu externen Webseiten Dritter, auf deren Inhalte wir keinen Einfluss haben. Deshalb k\u00f6nnen wir f\u00fcr diese fremden Inhalte auch keine Gew\u00e4hr \u00fcbernehmen. F\u00fcr die Inhalte der verlinkten Seiten ist stets der jeweilige Anbieter oder Betreiber der Seiten verantwortlich. Die verlinkten Seiten wurden zum Zeitpunkt der Verlinkung auf m\u00f6gliche Rechtsverst\u00f6\u00dfe \u00fcberpr\u00fcft. Rechtswidrige Inhalte waren zum Zeitpunkt der Verlinkung nicht erkennbar. Eine permanente inhaltliche Kontrolle der verlinkten Seiten ist jedoch ohne konkrete Anhaltspunkte einer Rechtsverletzung nicht zumutbar. Bei Bekanntwerden von Rechtsverletzungen werden wir derartige Links umgehend entfernen.<\/p>\n<p><strong>Urheberrecht<\/strong><\/p>\n<p>Die durch die Seitenbetreiber erstellten Inhalte und Werke auf diesen Seiten unterliegen dem deutschen Urheberrecht. Die Vervielf\u00e4ltigung, Bearbeitung, Verbreitung und jede Art der Verwertung au\u00dferhalb der Grenzen des Urheberrechtes bed\u00fcrfen der schriftlichen Zustimmung des jeweiligen Autors bzw. Erstellers. Downloads und Kopien dieser Seite sind nur f\u00fcr den privaten, nicht kommerziellen Gebrauch gestattet. Soweit die Inhalte auf dieser Seite nicht vom Betreiber erstellt wurden, werden die Urheberrechte Dritter beachtet. Insbesondere werden Inhalte Dritter als solche gekennzeichnet. Sollten Sie trotzdem auf eine Urheberrechtsverletzung aufmerksam werden, bitten wir um einen entsprechenden Hinweis. Bei Bekanntwerden von Rechtsverletzungen werden wir derartige Inhalte umgehend entfernen.<\/p>\n<p><strong>Datenschutz<\/strong><\/p>\n<p>Die Nutzung unserer Webseite ist in der Regel ohne Angabe personenbezogener Daten m\u00f6glich. Soweit auf unseren Seiten personenbezogene Daten (beispielsweise Name, Anschrift oder eMail-Adressen) erhoben werden, erfolgt dies, soweit m\u00f6glich, stets auf freiwilliger Basis. Diese Daten werden ohne Ihre ausdr\u00fcckliche Zustimmung nicht an Dritte weitergegeben.<\/p>\n<p>Wir weisen darauf hin, dass die Daten\u00fcbertragung im Internet (z.B. bei der Kommunikation per E-Mail) Sicherheitsl\u00fccken aufweisen kann. Ein l\u00fcckenloser Schutz der Daten vor dem Zugriff durch Dritte ist nicht m\u00f6glich.<\/p>\n<p>Der Nutzung von im Rahmen der Impressumspflicht ver\u00f6ffentlichten Kontaktdaten durch Dritte zur \u00dcbersendung von nicht ausdr\u00fccklich angeforderter Werbung und Informationsmaterialien wird hiermit ausdr\u00fccklich widersprochen. Die Betreiber der Seiten behalten sich ausdr\u00fccklich rechtliche Schritte im Falle der unverlangten Zusendung von Werbeinformationen, etwa durch Spam-Mails, vor.<\/p>\n<h2>Sonstiges<\/h2>\n<p>theme based on\u00a0<a href=\"http:\/\/wpshower.com\">Wpshower<br \/>\n<\/a>site powered by\u00a0<a href=\"http:\/\/wordpress.org\" target=\"_blank\" rel=\"noopener noreferrer\">WordPress<\/a><\/p>\n","protected":false},"excerpt":{"rendered":"<p>Angaben zum Webseitebetreiber gem\u00e4\u00df \u00a7 5 TMG: Paul-Ruben Mundthal Hugo-John-Str. 8 99086 Erfurt Kontakt: Telefon: +49-(0)-176 61552622\u202c E-Mail:\u00a0paul \/AT\/ studio-prm.de Verantwortlich f\u00fcr den Inhalt nach \u00a7 55 Abs. 2 RStV: Paul-Ruben Mundthal Hugo-John-Str. 8 99086 Erfurt Quelle: Impressumsgenerator, Rechtsanwalt f\u00fcr Internetrecht S\u00f6ren Siebert Haftungsausschluss: Haftung f\u00fcr Inhalte Die Inhalte unserer Seiten wurden mit gr\u00f6\u00dfter Sorgfalt [&hellip;]<\/p>\n","protected":false},"author":1,"featured_media":0,"parent":105,"menu_order":0,"comment_status":"closed","ping_status":"closed","template":"","meta":{"jetpack_post_was_ever_published":false,"footnotes":""},"class_list":["post-527","page","type-page","status-publish","hentry"],"yoast_head":"<!-- This site is optimized with the Yoast SEO plugin v23.5 - https:\/\/yoast.com\/wordpress\/plugins\/seo\/ -->\n<title>Imprint &#8211; Paul-Ruben Mundthal<\/title>\n<meta name=\"description\" content=\"Paul-Ruben Mundthal ist freischaffender Fotograf und Medienk\u00fcnstler mit Sitz in Erfurt, Th\u00fcringen. Projekte sind: HANT \u2013 Magazin f\u00fcr Fotografie, FOTOBOX, Fotosommer2015 Portrait - Still Life - Landscape - Architektur - Medien Studioadresse: Salinenstrasse 34. 99086 Erfurt\" \/>\n<meta name=\"robots\" content=\"index, follow, max-snippet:-1, max-image-preview:large, max-video-preview:-1\" \/>\n<link rel=\"canonical\" href=\"https:\/\/studio-prm.de\/?page_id=527\" \/>\n<meta property=\"og:locale\" content=\"de_DE\" \/>\n<meta property=\"og:type\" content=\"article\" \/>\n<meta property=\"og:title\" content=\"Imprint &#8211; Paul-Ruben Mundthal\" \/>\n<meta property=\"og:description\" content=\"Paul-Ruben Mundthal ist freischaffender Fotograf und Medienk\u00fcnstler mit Sitz in Erfurt, Th\u00fcringen. Projekte sind: HANT \u2013 Magazin f\u00fcr Fotografie, FOTOBOX, Fotosommer2015 Portrait - Still Life - Landscape - Architektur - Medien Studioadresse: Salinenstrasse 34. 99086 Erfurt\" \/>\n<meta property=\"og:url\" content=\"https:\/\/studio-prm.de\/?page_id=527\" \/>\n<meta property=\"og:site_name\" content=\"Paul-Ruben Mundthal\" \/>\n<meta property=\"article:publisher\" content=\"https:\/\/www.facebook.com\/SalonPRM\" \/>\n<meta property=\"article:modified_time\" content=\"2025-01-27T19:00:31+00:00\" \/>\n<meta name=\"twitter:card\" content=\"summary_large_image\" \/>\n<meta name=\"twitter:site\" content=\"@studioprm_de\" \/>\n<meta name=\"twitter:label1\" content=\"Gesch\u00e4tzte Lesezeit\" \/>\n\t<meta name=\"twitter:data1\" content=\"3\u00a0Minuten\" \/>\n<script type=\"application\/ld+json\" class=\"yoast-schema-graph\">{\"@context\":\"https:\/\/schema.org\",\"@graph\":[{\"@type\":\"WebPage\",\"@id\":\"https:\/\/studio-prm.de\/?page_id=527\",\"url\":\"https:\/\/studio-prm.de\/?page_id=527\",\"name\":\"Imprint &#8211; Paul-Ruben Mundthal\",\"isPartOf\":{\"@id\":\"https:\/\/studio-prm.de\/#website\"},\"datePublished\":\"2016-03-19T15:56:10+00:00\",\"dateModified\":\"2025-01-27T19:00:31+00:00\",\"description\":\"Paul-Ruben Mundthal ist freischaffender Fotograf und Medienk\u00fcnstler mit Sitz in Erfurt, Th\u00fcringen. Projekte sind: HANT \u2013 Magazin f\u00fcr Fotografie, FOTOBOX, Fotosommer2015 Portrait - Still Life - Landscape - Architektur - Medien Studioadresse: Salinenstrasse 34. 99086 Erfurt\",\"breadcrumb\":{\"@id\":\"https:\/\/studio-prm.de\/?page_id=527#breadcrumb\"},\"inLanguage\":\"de\",\"potentialAction\":[{\"@type\":\"ReadAction\",\"target\":[\"https:\/\/studio-prm.de\/?page_id=527\"]}]},{\"@type\":\"BreadcrumbList\",\"@id\":\"https:\/\/studio-prm.de\/?page_id=527#breadcrumb\",\"itemListElement\":[{\"@type\":\"ListItem\",\"position\":1,\"name\":\"Home\",\"item\":\"https:\/\/studio-prm.de\/\"},{\"@type\":\"ListItem\",\"position\":2,\"name\":\"CONTACT\",\"item\":\"https:\/\/studio-prm.de\/?page_id=105\"},{\"@type\":\"ListItem\",\"position\":3,\"name\":\"Imprint\"}]},{\"@type\":\"WebSite\",\"@id\":\"https:\/\/studio-prm.de\/#website\",\"url\":\"https:\/\/studio-prm.de\/\",\"name\":\"Paul-Ruben Mundthal\",\"description\":\"Paul-Ruben Mundthal \u2013 Fotograf und Medienk\u00fcnstler mit Sitz in Erfurt, Th\u00fcringen. Projekte: HANT \u2013 Magazin f\u00fcr Fotografie, FOTOBOX, Fotosommer2015 Portrait - Still Life - Landscape - Architektur - Medien\",\"publisher\":{\"@id\":\"https:\/\/studio-prm.de\/#organization\"},\"potentialAction\":[{\"@type\":\"SearchAction\",\"target\":{\"@type\":\"EntryPoint\",\"urlTemplate\":\"https:\/\/studio-prm.de\/?s={search_term_string}\"},\"query-input\":{\"@type\":\"PropertyValueSpecification\",\"valueRequired\":true,\"valueName\":\"search_term_string\"}}],\"inLanguage\":\"de\"},{\"@type\":\"Organization\",\"@id\":\"https:\/\/studio-prm.de\/#organization\",\"name\":\"Fotograf mit Sitz in Erfurt, Weimar, Jena: Paul-Ruben Mundthal\",\"url\":\"https:\/\/studio-prm.de\/\",\"logo\":{\"@type\":\"ImageObject\",\"inLanguage\":\"de\",\"@id\":\"https:\/\/studio-prm.de\/#\/schema\/logo\/image\/\",\"url\":\"https:\/\/studio-prm.de\/wp-content\/uploads\/2016\/03\/LOGO-280px-Kopie1x1.png\",\"contentUrl\":\"https:\/\/studio-prm.de\/wp-content\/uploads\/2016\/03\/LOGO-280px-Kopie1x1.png\",\"width\":280,\"height\":280,\"caption\":\"Fotograf mit Sitz in Erfurt, Weimar, Jena: Paul-Ruben Mundthal\"},\"image\":{\"@id\":\"https:\/\/studio-prm.de\/#\/schema\/logo\/image\/\"},\"sameAs\":[\"https:\/\/www.facebook.com\/SalonPRM\",\"https:\/\/x.com\/studioprm_de\",\"http:\/\/instagram.com\/studioprm\",\"http:\/\/youtube.com\/user\/lolomgrofl\/\"]}]}<\/script>\n<!-- \/ Yoast SEO plugin. -->","yoast_head_json":{"title":"Imprint &#8211; Paul-Ruben Mundthal","description":"Paul-Ruben Mundthal ist freischaffender Fotograf und Medienk\u00fcnstler mit Sitz in Erfurt, Th\u00fcringen. Projekte sind: HANT \u2013 Magazin f\u00fcr Fotografie, FOTOBOX, Fotosommer2015 Portrait - Still Life - Landscape - Architektur - Medien Studioadresse: Salinenstrasse 34. 99086 Erfurt","robots":{"index":"index","follow":"follow","max-snippet":"max-snippet:-1","max-image-preview":"max-image-preview:large","max-video-preview":"max-video-preview:-1"},"canonical":"https:\/\/studio-prm.de\/?page_id=527","og_locale":"de_DE","og_type":"article","og_title":"Imprint &#8211; Paul-Ruben Mundthal","og_description":"Paul-Ruben Mundthal ist freischaffender Fotograf und Medienk\u00fcnstler mit Sitz in Erfurt, Th\u00fcringen. Projekte sind: HANT \u2013 Magazin f\u00fcr Fotografie, FOTOBOX, Fotosommer2015 Portrait - Still Life - Landscape - Architektur - Medien Studioadresse: Salinenstrasse 34. 99086 Erfurt","og_url":"https:\/\/studio-prm.de\/?page_id=527","og_site_name":"Paul-Ruben Mundthal","article_publisher":"https:\/\/www.facebook.com\/SalonPRM","article_modified_time":"2025-01-27T19:00:31+00:00","twitter_card":"summary_large_image","twitter_site":"@studioprm_de","twitter_misc":{"Gesch\u00e4tzte Lesezeit":"3\u00a0Minuten"},"schema":{"@context":"https:\/\/schema.org","@graph":[{"@type":"WebPage","@id":"https:\/\/studio-prm.de\/?page_id=527","url":"https:\/\/studio-prm.de\/?page_id=527","name":"Imprint &#8211; Paul-Ruben Mundthal","isPartOf":{"@id":"https:\/\/studio-prm.de\/#website"},"datePublished":"2016-03-19T15:56:10+00:00","dateModified":"2025-01-27T19:00:31+00:00","description":"Paul-Ruben Mundthal ist freischaffender Fotograf und Medienk\u00fcnstler mit Sitz in Erfurt, Th\u00fcringen. Projekte sind: HANT \u2013 Magazin f\u00fcr Fotografie, FOTOBOX, Fotosommer2015 Portrait - Still Life - Landscape - Architektur - Medien Studioadresse: Salinenstrasse 34. 99086 Erfurt","breadcrumb":{"@id":"https:\/\/studio-prm.de\/?page_id=527#breadcrumb"},"inLanguage":"de","potentialAction":[{"@type":"ReadAction","target":["https:\/\/studio-prm.de\/?page_id=527"]}]},{"@type":"BreadcrumbList","@id":"https:\/\/studio-prm.de\/?page_id=527#breadcrumb","itemListElement":[{"@type":"ListItem","position":1,"name":"Home","item":"https:\/\/studio-prm.de\/"},{"@type":"ListItem","position":2,"name":"CONTACT","item":"https:\/\/studio-prm.de\/?page_id=105"},{"@type":"ListItem","position":3,"name":"Imprint"}]},{"@type":"WebSite","@id":"https:\/\/studio-prm.de\/#website","url":"https:\/\/studio-prm.de\/","name":"Paul-Ruben Mundthal","description":"Paul-Ruben Mundthal \u2013 Fotograf und Medienk\u00fcnstler mit Sitz in Erfurt, Th\u00fcringen. Projekte: HANT \u2013 Magazin f\u00fcr Fotografie, FOTOBOX, Fotosommer2015 Portrait - Still Life - Landscape - Architektur - Medien","publisher":{"@id":"https:\/\/studio-prm.de\/#organization"},"potentialAction":[{"@type":"SearchAction","target":{"@type":"EntryPoint","urlTemplate":"https:\/\/studio-prm.de\/?s={search_term_string}"},"query-input":{"@type":"PropertyValueSpecification","valueRequired":true,"valueName":"search_term_string"}}],"inLanguage":"de"},{"@type":"Organization","@id":"https:\/\/studio-prm.de\/#organization","name":"Fotograf mit Sitz in Erfurt, Weimar, Jena: Paul-Ruben Mundthal","url":"https:\/\/studio-prm.de\/","logo":{"@type":"ImageObject","inLanguage":"de","@id":"https:\/\/studio-prm.de\/#\/schema\/logo\/image\/","url":"https:\/\/studio-prm.de\/wp-content\/uploads\/2016\/03\/LOGO-280px-Kopie1x1.png","contentUrl":"https:\/\/studio-prm.de\/wp-content\/uploads\/2016\/03\/LOGO-280px-Kopie1x1.png","width":280,"height":280,"caption":"Fotograf mit Sitz in Erfurt, Weimar, Jena: Paul-Ruben Mundthal"},"image":{"@id":"https:\/\/studio-prm.de\/#\/schema\/logo\/image\/"},"sameAs":["https:\/\/www.facebook.com\/SalonPRM","https:\/\/x.com\/studioprm_de","http:\/\/instagram.com\/studioprm","http:\/\/youtube.com\/user\/lolomgrofl\/"]}]}},"jetpack_sharing_enabled":true,"jetpack_shortlink":"https:\/\/wp.me\/P7iQBA-8v","_links":{"self":[{"href":"https:\/\/studio-prm.de\/index.php?rest_route=\/wp\/v2\/pages\/527"}],"collection":[{"href":"https:\/\/studio-prm.de\/index.php?rest_route=\/wp\/v2\/pages"}],"about":[{"href":"https:\/\/studio-prm.de\/index.php?rest_route=\/wp\/v2\/types\/page"}],"author":[{"embeddable":true,"href":"https:\/\/studio-prm.de\/index.php?rest_route=\/wp\/v2\/users\/1"}],"replies":[{"embeddable":true,"href":"https:\/\/studio-prm.de\/index.php?rest_route=%2Fwp%2Fv2%2Fcomments&post=527"}],"version-history":[{"count":4,"href":"https:\/\/studio-prm.de\/index.php?rest_route=\/wp\/v2\/pages\/527\/revisions"}],"predecessor-version":[{"id":2296,"href":"https:\/\/studio-prm.de\/index.php?rest_route=\/wp\/v2\/pages\/527\/revisions\/2296"}],"up":[{"embeddable":true,"href":"https:\/\/studio-prm.de\/index.php?rest_route=\/wp\/v2\/pages\/105"}],"wp:attachment":[{"href":"https:\/\/studio-prm.de\/index.php?rest_route=%2Fwp%2Fv2%2Fmedia&parent=527"}],"curies":[{"name":"wp","href":"https:\/\/api.w.org\/{rel}","templated":true}]}}